 + 1123050. Is i composite?
False
Suppose -3*y = 3*q + 20736, 4*q + 16502 = -3*y - 4232. Is (3/(36/y))/(2/(-12)) prime?
True
Suppose 3*y - 3*p + 177 = 0, -5*y - 23*p + 25*p - 298 = 0. Is ((-80)/y)/(2/993) prime?
False
Let w = 27 - 7. Suppose 5*m = 7*m - w. Suppose m*a + 887 = 11*a. Is a composite?
False
Is (4/(-26) + (-276163116)/(-897))/2 prime?
False
Let o(i) = 50*i + 3. Let z be o(-5). Let f(g) = -8*g**3 - 22*g**2 - 7*g - 15. Let n be f(-5). Let j = z + n. Is j composite?
False
Suppose -f - 4*h - 36 = 0, 76 + 38 = -4*f - h. Is 14/f - (-1389)/2 a composite number?
True
Suppose -3*y = -611 - 1093. Suppose 5*a - 5*i = 855, -5*a = -0*i + i - 867. Let g = y - a. Is g prime?
False
Let t be -2 + 28/(-6 + 10). Suppose t*b - 7629 - 10906 = 0. Is b a composite number?
True
Let n(m) = 8*m**3 + 5*m**2 - 25*m - 29. Let a(d) = -d**2 + 3*d + 12. Let b be a(3). Is n(b) prime?
False
Let m be (-8)/(-2) + 26/(-65)*-5. Is (2/m)/(6/(54491 + -5)) composite?
True
Suppose 194 = 9*w - 76. Let x be (w/4)/(-3)*-62. Suppose -s + x = 2*a - 594, 2*a = -5*s + 761. Is a prime?
True
Let b(y) = 5377*y**3 - 47*y + 97. Is b(2) a prime number?
True
Suppose 0 = -5*f - 3*l + 25, -3*f + 4*f - 5 = -4*l. Suppose f*z + 11*z - 5936 = 0. Is z prime?
False
Let f be (45/(-60))/((-1)/(-4)). Suppose 2*j + 0*j + 13 = l, 2*l = -5*j - 19. Is 3*l*f/((-108)/508) a prime number?
True
Let i(b) = 41938*b - 115. Is i(2) a composite number?
False
Let l = -35241 + 35578. Is l prime?
True
Let t be 563 + 4 + -3 + -1. Let c = 690 + t. Is c a composite number?
True
Let r be (72/15)/((-1)/5). Let v = -20 - r. Suppose -v*o = -2591 - 4037. Is o prime?
True
Suppose 0 = -3*h + 9, -16*d - 75625 = -17*d + 4*h. Is d composite?
True
Suppose 0 = 5*r + 16 + 74. Let m be (-2)/(-6) - 228/r. Suppose -15*q + m*q + 2222 = 0. Is q prime?
False
Let r(m) = -7*m - 87 + 43 + 1086*m**2 + 52*m + 1416*m**2. Is r(1) composite?
False
Let j = -209 + 212. Suppose -l + 391 = -f, -l + 381 = f + j*f. Is l a prime number?
True
Let t be (0 - -5)/(4 + -3 + -2). Is (1 - (t/(-10))/1)*3518 prime?
True
Let b = 6681 - -8332. Is b a prime number?
True
Let t(o) be the third derivative of -13*o**5/60 - o**4/4 + 3*o**3 - 14*o**2. Let x be t(-14). Is x/(-22) - (12/33)/2 a prime number?
False
Let p be (-4)/(-42) - (-1248945)/315. Let q = 3755 - 6123. Let u = p + q. Is u prime?
True
Suppose -5*b - t + 2039794 = 0, 14*t = -2*b + 19*t + 815923. Is b a composite number?
False
Let d(o) = 4*o**3 - 12*o**2 + 6*o - 14. Let i be d(8). Suppose 2*r - i = 3*f - 41, 5*f - 5 = 0. Is (15/5 - 0) + r composite?
False
Suppose 563817 + 10370922 = 26*h - 8423899. Is h composite?
True
Let h = -261895 + 432902. Is h a composite number?
False
Let r be (1391 + -12 + 0 + -6)*-1. Is (-45)/(-15)*r/(-3) - -6 a prime number?
False
Is 7 + ((-256451)/(-2))/((-62)/(-248)) a composite number?
True
Suppose -2*c - 958 = -5*d + 1036, -5*c = 4*d - 1615. Suppose d = -6*g + 11*g. Is g/(-24)*5802/(-4) prime?
False
Let m(d) = d**2 + d - 4. Let p be m(2). Let v(b) = 2*b**p + 4*b + 2*b**2 - 4*b**2 + 12 + 3*b**2. Is v(-7) a prime number?
True
Suppose 0 = -315*a + 309*a + 30. Is 4493 - (1/(a/(-10)) + 6) prime?
False
Suppose 28*l = 1956110 + 454998. Is l composite?
False
Suppose -43*g + 50*g - 172244 = -61*g. Is g a composite number?
True
Let r(v) = -v**3 - 5*v**2 - 7*v - 4. Let l be r(-5). Let t = l - 26. Suppose h + 1316 = t*h. Is h a prime number?
False
Let x(z) = 2*z**3 + z**2 + 10*z + 7. Let d(a) = -a**3 - 5*a - 4. Let o(c) = 11*d(c) + 6*x(c). Let j be o(-3). Suppose 7*s = j*s - 1761. Is s composite?
False
Suppose 5*c - 933382 = -4*r + 1234022, 4*c = 4*r - 2167332. Is r a composite number?
True
Suppose 0 = 2*d + 8 - 6. Let p be (-3 - d)/((-16)/(-56)). Is (-294)/(-1) - (p + 6) a composite number?
True
Suppose -3*w + 9 = d, 0 = -4*w + 5*d - 6 - 1. Suppose -r = -4*l + 5975 - 28580, w*r = 2*l + 45222. Is r prime?
True
Let v be 1 - (-4)/7*(-21)/6. Is ((-10)/(-20))/(v/(-22666)) a prime number?
False
Suppose -1373020 + 352878 = -134*z. Is z composite?
True
Suppose 5 = 2*q - 3. Suppose -2*r - b = 1823, -q*b + 1181 + 1581 = -3*r. Let s = r + 3435. Is s a prime number?
True
Is 2258375 - 195/(-13) - -5 composite?
True
Let m = 165963 + -104152. Is m a prime number?
False
Suppose 0*q = -3*q + 4*j + 5, 0 = j - 1. Suppose 12149 = 3*m + m - h, -q*h - 3040 = -m. Is m composite?
False
Is (-12 - -185768 - -19) + (-2)/1 a prime number?
False
Suppose 38883 = 14*g - 138763. Is g composite?
False
Suppose 43*p = 39*p + 1144. Suppose 3*n - 6 = 0, n - 432 = -2*j + p. Is j a prime number?
False
Let n be 1338/(-6) + (-3 - -2) + -3. Let w = 454 - n. Is w a prime number?
False
Let x = 36893 - 11136. Is x a prime number?
False
Is (-18 - (-511396)/(-8))*(-6)/3 a prime number?
False
Suppose 0 = -2*d + k - 170, -4*d - 328 = -0*d + 4*k. Let i = d - -1850. Is i a prime number?
False
Is ((-1442)/3)/(-3*4/(-18)*-1) a composite number?
True
Let y = 26 + -20. Suppose -r = -y*r - 10. Is -3 + (31 - r/(-1)) a prime number?
False
Is (-1 + (6/(-16) - (-195)/104))*5442 prime?
False
Let s(f) = 19*f - 8*f + 42*f + 1 + 15*f. Is s(11) a prime number?
False
Let b(i) = 17*i**3 - 4*i**2 - 9*i + 17. Let z be b(7). Suppose 7*r - 14144 = z. Is r composite?
False
Let r(y) = 5467*y**2 - y - 3. Let n be r(-1). Suppose -990 = -s - q, 5*s - n = 5*q - 485. Is s a composite number?
True
Let w = -105 - -103. Let k(a) = 8*a**3 + 3*a**2 - 4*a. Let u be k(w). Is (-4 + u/(-12))*-6483 prime?
True
Let d(n) = n**2 - 19*n - 33. Suppose a + 42 = 3*a. Let b be d(a). Suppose 4*h + 1535 = b*h. Is h composite?
False
Let p = -479 + 484. Is p/(-20) - (-6810)/8 a prime number?
False
Let f = -171 + 93. Is 1*(12/f - 60662/(-26)) composite?
False
Suppose a + 115*t = 120*t + 172838, -4*t = -4*a + 691464. Is a composite?
True
Let q = -198 + 312. Suppose -5*s = -s + 148. Let u = q + s. Is u a composite number?
True
Let j = 39 + -37. Suppose -r + 9988 = 4*l, -9*l + j*r = -5*l - 9988. Is l composite?
True
Let w = -30 + 35. Suppose -480 = -t + w*i, -18*t + 4*i = -15*t - 1495. Is t composite?
True
Let u be 514/(-4)*-8*(-1)/(-4). Let k = 2734 - u. Is k a prime number?
True
Suppose -179*s + 135*s = -4649348. Is s a prime number?
True
Suppose 7*q + 0*q + 26*q - 400719 = 0. Is q a prime number?
True
Suppose 2*p = 4*v - 8, -2*v = -v + 5*p - 13. Suppose k - u = 2428, -v*k + 0*u = -4*u - 7283. Is k a prime number?
False
Let g(a) = a**2 - 12*a + 6. Let s be g(12). Let r = 45 + 254. Suppose -5503 = -s*m + r. Is m a composite number?
False
Let i be -124*-3*7/84. Suppose i*q - 142834 = -3*q. Is q a prime number?
True
Let n(a) = -5*a**3 - 3*a**2 - 100*a + 7. Is n(-43) composite?
True
Suppose -4*k + 40275 = 5*w - 2*k, -32232 = -4*w - 4*k. Is w a composite number?
False
Let n be ((-36)/48)/((-2)/(-6984)). Let i = -1258 - n. Suppose 2*d - 3*l = i, 3*l - 2034 = -2*d - d. Is d a prime number?
False
Let t = -3 - -6. Let h = t + -3. Is 3892/2 + (h - -3) composite?
False
Let a be (-10)/20 - 21/(-2). Let w(m) = -12 - 8 - 6*m + 11*m**2 - a*m**2. Is w(9) composite?
False
Suppose 62*v - 10865530 - 4005161 = -37*v. Is v a composite number?
False
Is ((-2)/11)/(((-148)/(-130093073))/(-2)) a composite number?
False
Let l be 5/5*(-9)/(-3). Suppose 0 = 3*b + 2*k - 1225, -382 = -2*b + l*k + 426. Is b a composite number?
True
Let c(z) = -z**2 - 8*z + 12. Let o be (-1)/1 + (-6 - -5) + -7. Let q be c(o). Suppose -q*h - k + 5206 = 0, 3*k = 2*h - h - 1732. Is h a composite number?
True
Suppose 48*n = 128388 - 39208 + 36052. Is n prime?
True
Let x = 59 + -45. Suppose -62*d + 60*d = -x. Suppose -4*r + d*c - 2*c = -413, 2*c = -10. Is r prime?
True
Let d(b) = 5*b - 54. Let z be d(12). Suppose 0 = z*c + 17*c - 115759. Is c composite?
True
Suppose -91*b - 5178205 = -20672119 - 19579579. Is b prime?
False
Let j(u) be the first derivative of u**4/12 + 7*u**3/6 + 21*u**2/2 - u + 20. Let m(h) be the first derivative of j(h). Is m(18) a prime number?
False
Suppose 1021 = u - 4*z, -2*z - 287 - 736 = -u. Let p = 194 + u. Is p composite?
True
Suppose -m + f = -3452326, 0 = 59*f - 54*f - 25. Is m a prime number?
False
Suppose 920 = -5*d - 5*v, 0 = 4*d + 9*v - 7*v + 742. Suppose 686 = 2*r - 2*s, -104 = 3*r - 2*s - 1138. Let n = d + r. Is n composite?
True
Is ((-147420)/(-2) - (19 - 22))*1/3 a composite number?
False
Suppo